3, 5
List the prime factors of 5/((-25)/5)*-134.
2, 67
Let t be 45/12 + 1/4. Suppose f - 20 = -t*f. Let m = f - 2. List the prime factors of m.
2
Suppose 62 = -t + 291. What are the prime factors of t?
229
What are the prime factors of 11 - (1 + 6 - 4)?
2
Let h = 2 + -1. Suppose -2*k + h = 5. List the prime factors of (0 + k)*(-4 + 0).
2
Suppose k - 45 = -2*w, 2*w + 6 = -w. What are the prime factors of k?
7
Let l = -7 - -2. Let z be l/1 - (3 - 0). What are the prime factors of z/(-20) - (-66)/10?
7
Let b(s) = -2*s**2 + 8*s - 4. Let w be b(6). Let c = 48 + w. Suppose 2*h = -u + c - 1, 3*h - 1 = u. List the prime factors of u.
11
List the prime factors of 239/4 - 11/(-44).
2, 3, 5
Suppose 0 = -5*d + 2*g + g + 11, -2*g - 2 = -2*d. Suppose -18 = -d*o + 22. List the prime factors of o.
2, 5
Let f be 10/5*(-201)/(-6). Suppose 29 = 4*i - f. List the prime factors of i.
2, 3
Let n = -2 - -8. Suppose -s = -4*b - 4, -2*s - b = -50 + n. What are the prime factors of s?
2, 5
Let o(b) = b**2 - 4*b - 2. Let s be o(5). Suppose -j + s*j - 60 = 2*z, 3*z - 10 = -j. List the prime factors of j.
5
List the prime factors of (-65331)/(-189) + ((-8)/6)/2.
3, 5, 23
Let m = 120 - 82. What are the prime factors of m?
2, 19
Let l(b) = -b**2 + 12*b - 10. Suppose 0*k - 45 = -5*k. What are the prime factors of l(k)?
17
Suppose 0 = 5*p - 6*p - 11. Let h = 42 - p. List the prime factors of (-12)/(-30) - h/(-5).
11
Suppose -x = -3*s + 4, -3*s = s - x - 7. Let h(t) = -5*t - 2. Let g be h(-2). What are the prime factors of 30/8*g/s?
2, 5
Let i(j) = -j**3 - j**2 + 2*j. Let k be i(-3). Let y(z) = -z**3 + 11*z**2 + 12*z + 17. What are the prime factors of y(k)?
17
Let b(p) = -p**2 - 6*p + 2. Let y = -8 - -11. Let t = -2 - y. List the prime factors of b(t).
7
Let z = 18 + 18. What are the prime factors of z?
2, 3
Let j = 2779 + -4183. Let k be j/(-22) - 6/(-33). Suppose 2*z + 2*z + 5*w - k = 0, 3*z - 25 = 2*w. What are the prime factors of z?
11
Let d = -18 - -37. Suppose 2*y - 5 = d. What are the prime factors of y?
2, 3
Suppose -47 + 1127 = 8*o. List the prime factors of o.
3, 5
Let i = -35 - -96. What are the prime factors of i?
61
Let b(v) = -2*v**2 + 4*v - 2. Let k be b(2). List the prime factors of 6 - (-1 - 0 - k).
5
Suppose 2*g = -d + 4*d + 4, 0 = -d + 3*g - 6. Suppose -4 + d = -2*b. Let a = 3 + b. What are the prime factors of a?
5
Suppose 5 = 3*p - 1. Suppose p + 18 = 5*k. Suppose k*i = 2*o + 39 + 1, -2*i = 5*o - 32. List the prime factors of i.
11
Suppose x - 75 = -2*x. Suppose -b = -d + 16 + x, -4*d = 4*b - 148. Let i = d - 26. What are the prime factors of i?
13
Let i = 7 - -5. List the prime factors of 51/i - (-1)/(-4).
2
Let s be 1 - 3/(6/(-140)). Suppose s = 2*v + 5. Let y = v - 23. What are the prime factors of y?
2, 5
Let f(b) be the second derivative of -3*b**3/2 - 9*b**2/2 - 6*b. What are the prime factors of f(-5)?
2, 3
Suppose 4*g - 224 = 156. Let o = -49 + g. List the prime factors of o.
2, 23
Let a(o) = -o**3 + o**2 + 6*o + 5. What are the prime factors of a(-5)?
5
Suppose 5*u - 91 - 114 = 2*c, -u - 4*c = -41. Suppose 2*q + 3*a - u = 0, -2*q + 2*a + 29 = q. List the prime factors of q.
13
Suppose 2*d = 5*d. Suppose -3*o - 3*v + 30 = 2*v, o + 3*v - 14 = d. Suppose -3 = -m + o*a, -9 = -3*m + 2*a - a. List the prime factors of m.
3
Suppose 4*r + 6 = -18. Let x = -2 - r. Suppose 5*q + x = 54. List the prime factors of q.
2, 5
Suppose -j - 58 = -c, 5*c = -j + 125 + 177. Suppose -4*a = -16, -i = -5*i + a + c. List the prime factors of i.
2
Let h = 14 + -10. Suppose -h*x + 5 + 35 = 0. What are the prime factors of x?
2, 5
Let r(v) = v**2 - 10*v. Let b be r(10). Suppose b = -s - 2*s + 42. What are the prime factors of s?
2, 7
Let v(l) be the second derivative of l**3/3 - 3*l**2 - 3*l. What are the prime factors of v(6)?
2, 3
Suppose 2*j = -103 + 571. List the prime factors of j.
2, 3, 13
Let f(m) = m**2 + m - 3. Let c be f(-3). Let a = 16 + c. What are the prime factors of a?
19
Suppose q - 672 = -6*q. What are the prime factors of q?
2, 3
Let g(f) be the second derivative of -1/2*f**3 + 0*f**2 - 1/20*f**5 + f + 0 - 1/6*f**4. What are the prime factors of g(-2)?
2, 3
Suppose 16 = 2*y - 266. List the prime factors of y.
3, 47
Suppose -3*n + 2*f + 228 = 0, 293 = 2*n + 2*n + f. What are the prime factors of n?
2, 37
Let y(c) = -11*c**3 - c**2 + 2*c. List the prime factors of y(-3).
2, 3, 47
What are the prime factors of 3246/30 - (-1)/(-10)*2?
2, 3
Let n(l) = -2 - 5 - l**2 + 6*l + 6*l. List the prime factors of n(7).
2, 7
Suppose 4*w = 3*w - 1. Let r = 114 + -111. What are the prime factors of -5 + 18 - r*w?
2
Let g = 24 - 10. Suppose -v - 3 = -g. What are the prime factors of v?
11
Let s(a) = -a**3 + 5*a**2 + 5*a + 5. Let w = 11 - 5. Let b be s(w). What are the prime factors of (-4 - -6) + (7 - b)?
2, 5
Suppose -8 = 2*o + 2, 0 = n - 3*o - 105. List the prime factors of n.
2, 3, 5
Suppose 0*y + 95 = 5*y. List the prime factors of y.
19
Suppose 7*v = 10*v - 12. Let g(m) = m**3 + m + 1. Let b(c) = 3*c**3 - 4*c**2 - c + 6. Let q(a) = -b(a) + 2*g(a). List the prime factors of q(v).
2
What are the prime factors of 1461/7 - (-2)/7?
11, 19
Let b be (-1)/(3 + 69/(-24)). What are the prime factors of 2*-1*76/b?
19
Let f(q) = -q**3 + 26*q**2 - 52*q - 34. List the prime factors of f(23).
3, 7, 17
Let x be (0 + -1)*(-9 - -5). Suppose 3*s = n - 4, x*s + 8 = 2*n - 6. List the prime factors of n.
13
Suppose g = -4*b + 4 - 10, 3*b + 22 = -2*g. Let m = g - -60. List the prime factors of m.
2, 23
Suppose 3*c + 30 - 10 = 4*q, -4*c - 5*q - 68 = 0. Let p = 1 + c. Let o = p + 16. List the prime factors of o.
5
Suppose 0 = 5*l - 3*r - 572, -3*l + 254 + 66 = 4*r. Suppose -2*b - 2*b + l = 0. List the prime factors of b.
2, 7
Let b(y) = 3*y**2 + 4. List the prime factors of b(2).
2
Suppose -2*c + 129 = 47. What are the prime factors of c?
41
Let o = 60 - 28. What are the prime factors of o?
2
Let z(j) = -j**3 + 12*j**2 - 7*j - 12. What are the prime factors of z(11)?
2
Let r(f) = -2*f**3 + f**2 + f - 1. List the prime factors of r(-2).
17
Let r = -14 + 29. List the prime factors of r.
3, 5
Let q = 70 - -8. Suppose 3*m - 4*j - q = m, 5*m = -5*j + 255. Suppose 0 = 5*r - 4*y - m, 3*r + 2*r + 3*y = 26. What are the prime factors of r?
7
Suppose -2*r = -c + 3*c + 54, 3 = r. Let s be (6/(-9))/(4/c). Suppose s*f + 12 - 52 = -m, -70 = -5*m + f. What are the prime factors of m?
3, 5
Let j be (-62 + 4)/(2/(-3)). Suppose 22 - j = -5*u. What are the prime factors of u?
13
Suppose 2*t - 9 + 1 = 0. Suppose -t*q = -5*k + 13, 14 + 11 = 5*q + 2*k. List the prime factors of 0/q - (-14 + 2).
2, 3
Suppose 0*b + 5*b = 70. List the prime factors of b.
2, 7
Let h(m) = m**2 - 6*m - 1. List the prime factors of h(-4).
3, 13
Suppose 0 = 4*r + r - 20. Suppose -29*f - r = -30*f. List the prime factors of f.
2
Let p = 431 + -302. What are the prime factors of p?
3, 43
Suppose 4*v = 3*b - 13, 3*b - 2*v - 5 = 2*b. Suppose b*o - 36 = -0*o. What are the prime factors of o?
2, 3
Let y be (-1 + 0/(-1))*-1. What are the prime factors of -9*((-4)/6 - y)?
3, 5
Suppose -2*z - 3 + 15 = 0. Suppose -2*y + 5*y = z. What are the prime factors of y?
2
Suppose -5*j + 0*j = -5. Suppose c + 0*c = j. Let p(a) = 11*a**2 - 1. List the prime factors of p(c).
2, 5
Suppose -5*v = 3*h - 291, 2*h + 128 - 18 = 2*v. List the prime factors of v.
3, 19
Suppose 0 = -2*t + b + 113, -15 = 3*b - 6. What are the prime factors of t?
5, 11
Suppose 0 = 5*f + 23 - 8, 3*r = 4*f + 369. List the prime factors of r.
7, 17
Suppose 5*k + 423 = -2*o + 2063, 0 = o - 5. What are the prime factors of k?
2, 163
Let j(o) = 3*o**2 + 2*o - 2. Let b be j(-2). Suppose 2*y = b*y - 24. List the prime factors of y.
2, 3
Let x(p) = p**2 + 7*p + 10. List the prime factors of x(-11).
2, 3
Suppose 3*b - 38 = 73. List the prime factors of b.
37
Suppose -4*m = -3*m + 90. What are the prime factors of (-6)/24*(m - 2)?
23
Suppose 2*i = 7*i - 100. Let x be 25/4 + (-5)/i. Suppose 4*b = 4*y + y + 11, b + x = 3*y. What are the prime factors of b?
3
Let y(r) = -r**3 - 11*r**2 + 10*r - 11. Let l = 12 - 24. List the prime factors of y(l).
13
Let g(t) = -2*t - 5. What are the prime factors of g(-12)?
19
Let n = -39 - -49. What are the prime factors of n?
2, 5
Let c(t) = 7*t**2 - 2*t - 6 + t